1
What is the hundreds digit of 3693104?
1
What is the hundred thousands digit of 316283?
3
What is the ten millions digit of 33809606?
3
What is the hundred thousands digit of 2847374?
8
What is the hundred thousands digit of 303599?
3
What is the millions digit of 1101949?
1
What is the ten millions digit of 25180039?
2
What is the thousands digit of 3014524?
4
What is the tens digit of 411629?
2
What is the thousands digit of 372207?
2
What is the hundred thousands digit of 7854484?
8
What is the hundreds digit of 267623?
6
What is the ten thousands digit of 1896583?
9
What is the hundred thousands digit of 3602821?
6
What is the ten thousands digit of 20322?
2
What is the millions digit of 6425022?
6
What is the tens digit of 379571?
7
What is the thousands digit of 157899?
7
What is the hundred thousands digit of 19981904?
9
What is the thousands digit of 1115355?
5
What is the hundreds digit of 972040?
0
What is the thousands digit of 3530007?
0
What is the ten thousands digit of 6483260?
8
What is the tens digit of 947926?
2
What is the hundred thousands digit of 839220?
8
What is the ten thousands digit of 181553?
8
What is the hundreds digit of 1407966?
9
What is the ten thousands digit of 1047972?
4
What is the hundred thousands digit of 292151?
2
What is the units digit of 12657687?
7
What is the hundreds digit of 853627?
6
What is the hundred thousands digit of 657451?
6
What is the thousands digit of 623712?
3
What is the thousands digit of 1122806?
2
What is the ten thousands digit of 557449?
5
What is the hundred thousands digit of 29939489?
9
What is the tens digit of 1254891?
9
What is the units digit of 102885?
5
What is the thousands digit of 5733938?
3
What is the ten millions digit of 40515137?
4
What is the hundreds digit of 855335?
3
What is the ten thousands digit of 2026015?
2
What is the thousands digit of 511530?
1
What is the thousands digit of 812916?
2
What is the thousands digit of 122205?
2
What is the thousands digit of 1002310?
2
What is the thousands digit of 1547177?
7
What is the thousands digit of 93077?
3
What is the tens digit of 4136100?
0
What is the tens digit of 795049?
4
What is the millions digit of 20715798?
0
What is the units digit of 2311042?
2
What is the units digit of 21051598?
8
What is the hundreds digit of 9647087?
0
What is the units digit of 116916?
6
What is the units digit of 821394?
4
What is the hundred thousands digit of 4507013?
5
What is the millions digit of 12403609?
2
What is the units digit of 695028?
8
What is the millions digit of 29072925?
9
What is the hundred thousands digit of 16000916?
0
What is the hundred thousands digit of 8321284?
3
What is the hundred thousands digit of 13479214?
4
What is the ten thousands digit of 4065385?
6
What is the units digit of 96766?
6
What is the hundred thousands digit of 744136?
7
What is the hundreds digit of 205100?
1
What is the tens digit of 595509?
0
What is the tens digit of 64827?
2
What is the tens digit of 7193625?
2
What is the hundred thousands digit of 488928?
4
What is the units digit of 4258383?
3
What is the units digit of 449128?
8
What is the hundreds digit of 221697?
6
What is the hundreds digit of 149921?
9
What is the ten thousands digit of 67272?
6
What is the hundreds digit of 1341431?
4
What is the hundreds digit of 293112?
1
What is the tens digit of 585889?
8
What is the ten thousands digit of 3722720?
2
What is the ten thousands digit of 20504603?
0
What is the hundreds digit of 382945?
9
What is the units digit of 56092?
2
What is the hundred thousands digit of 107277?
1
What is the ten thousands digit of 1068055?
6
What is the tens digit of 532068?
6
What is the hundred thousands digit of 3086547?
0
What is the hundred thousands digit of 136597?
1
What is the units digit of 322914?
4
What is the thousands digit of 1319523?
9
What is the thousands digit of 1595454?
5
What is the ten thousands digit of 636253?
3
What is the hundred thousands digit of 872038?
8
What is the units digit of 4423?
3
What is the ten thousands digit of 203332?
0
What is the millions digit of 1254107?
1
What is the units digit of 131022?
2
What is the tens digit of 3433024?
2
What is the hundreds digit of 14818?
8
What is the thousands digit of 2043517?
3
What is the ten thousands digit of 38889?
3
What is the thousands digit of 46754?
6
What is the hundred thousands digit of 1698435?
6
What is the hundreds digit of 28032825?
8
What is the ten thousands digit of 19287958?
8
What is the hundreds digit of 684045?
0
What is the hundreds digit of 38366?
3
What is the ten thousands digit of 32201?
3
What is the hundred thousands digit of 39021160?
0
What is the hundred thousands digit of 204291?
2
What is the thousands digit of 305102?
5
What is the hundred thousands digit of 101792?
1
What is the millions digit of 1190449?
1
What is the ten thousands digit of 24646729?
4
What is the tens digit of 12206293?
9
What is the hundreds digit of 10327563?
5
What is the millions digit of 2022121?
2
What is the tens digit of 62489?
8
What is the thousands digit of 10613888?
3
What is the hundreds digit of 1119?
1
What is the thousands digit of 249644?
9
What is the hundred thousands digit of 1093496?
0
What is the thousands digit of 320383?
0
What is the tens digit of 16815659?
5
What is the ten thousands digit of 474810?
7
What is the units digit of 187268?
8
What is the units digit of 1978716?
6
What is the tens digit of 473364?
6
What is the thousands digit of 7561324?
1
What is the millions digit of 3313947?
3
What is the thousands digit of 2906362?
6
What is the units digit of 2872473?
3
What is the tens digit of 589993?
9
What is the hundred thousands digit of 724437?
7
What is the millions digit of 12587302?
2
What is the thousands digit of 1007982?
7
What is the ten thousands digit of 642768?
4
What is the hundreds digit of 435295?
2
What is the tens digit of 7908672?
7
What is the ten thousands digit of 463593?
6
What is the hundreds digit of 145157?
1
What is the hundreds digit of 3713026?
0
What is the thousands digit of 909198?
9
What is the hundred thousands digit of 424344?
4
What is the thousands digit of 998000?
8
What is the hundreds digit of 95737?
7
What is the hundred thousands digit of 139715?
1
What is the ten thousands digit of 1930561?
3
What is the thousands digit of 1085321?
5
What is the tens digit of 3192550?
5
What is the hundreds digit of 8763382?
3
What is the units digit of 238206?
6
What is the ten thousands digit of 358456?
5
What is the tens digit of 267482?
8
What is the thousands digit of 94582?
4
What is the millions digit of 4508106?
4
What is the hundred thousands digit of 3067789?
0
What is the units digit of 71594?
4
What is the thousands digit of 13483638?
3
What is the ten millions digit of 16101951?
1
What is the tens digit of 167764?
6
What is the thousands digit of 2498648?
8
What is the units digit of 5296856?
6
What is the millions digit of 4816552?
4
What is the tens digit of 6559305?
0
What is the ten thousands digit of 362329?
6
What is the tens digit of 970506?
0
What is the tens digit of 31010?
1
What is the tens digit of 25448225?
2
What is the units digit of 166156?
6
What is the thousands digit of 3285118?
5
What is the tens digit of 983700?
0
What is the thousands digit of 880407?
0
What is the ten thousands digit of 934829?
3
What is the ten thousands digit of 257833?
5
What is the hundred thousands digit of 197384?
1
What is the millions digit of 9429370?
9
What is the tens digit of 32772?
7
What is the units digit of 263192?
2
What is the tens digit of 3685354?
5
What is the tens digit of 101546?
4
What is the units digit of 176080?
0
What is the tens digit of 4351174?
7
What is the hundreds digit of 256725?
7
What is the hundreds digit of 4417433?
4
What is the ten thousands digit of 3415794?
1
What is the hundreds digit of 964551?
5
What is the units digit of 170178?
8
What is the hundred thousands digit of 13903997?
9
What is the hundreds digit of 9788?
7
What is the thousands digit of 301553?
1
What is the ten thousands digit of 185677?
8
What is the ten thousands digit of 27802120?
0
What is the units digit of 43852?
2
What is the tens digit of 4362647?
4
What is the hundred th